a composite number?
False
Is 688646941 prime?
False
Is 159098219051 prime?
True
Is 7953796097 prime?
False
Is 4896522769 a prime number?
True
Is 341584547 a prime number?
False
Is 670498501 a prime number?
True
Is 219935914043 a prime number?
True
Is 364776523 prime?
False
Is 32401129 composite?
True
Is 7261374217 composite?
False
Is 918594793 a composite number?
False
Is 2263558811 a prime number?
True
Is 4359217637 a composite number?
False
Is 68714141791 a composite number?
True
Is 364514147 a prime number?
True
Is 11534168131 prime?
True
Is 204257189 composite?
False
Is 133463179 a prime number?
True
Is 1083721697 prime?
True
Is 2044776967 composite?
False
Is 157746286471 a composite number?
False
Is 9155174083 a composite number?
True
Is 21929509339 a composite number?
False
Is 53017501403 a prime number?
True
Is 3616868722 prime?
False
Is 341597651 prime?
True
Is 9104162129 prime?
True
Is 718360327 a prime number?
False
Is 318521261 composite?
False
Is 962699753 prime?
False
Is 245442007 a prime number?
True
Is 121956259 a composite number?
True
Is 209813491 a prime number?
False
Is 3653293979 a composite number?
True
Is 18308690269 a composite number?
True
Is 240397427 prime?
True
Is 16012557103 a composite number?
False
Is 70840608383 a composite number?
False
Is 9087276647 a composite number?
False
Is 345814129 a composite number?
True
Is 12376230527 composite?
False
Is 14078195867 a composite number?
False
Is 7990565111 a composite number?
False
Is 51039193385 composite?
True
Is 19054751917 composite?
False
Is 9692005717 a composite number?
True
Is 197372327 prime?
True
Is 9619859311 composite?
True
Is 5928090027 a prime number?
False
Is 6992551469 prime?
False
Is 1382666279 a prime number?
False
Is 1125561527 composite?
False
Is 59381071 composite?
False
Is 3532677017 prime?
True
Is 400242787 a prime number?
False
Is 2918743147 prime?
False
Is 824881573 a prime number?
False
Is 103136606857 a composite number?
True
Is 51646215707 composite?
False
Is 42866846051 composite?
False
Is 226150909 prime?
True
Is 5305236329 composite?
False
Is 11715937931 prime?
True
Is 11611056491 composite?
True
Is 2458375313 a composite number?
False
Is 3539541851 composite?
False
Is 19205984635 prime?
False
Is 42198776297 prime?
True
Is 17861099447 a composite number?
True
Is 775878407 prime?
True
Is 1944214457 a composite number?
False
Is 1843399277 a composite number?
False
Is 722242049 prime?
True
Is 113928546577 a composite number?
False
Is 113337197 composite?
False
Is 18057935767 a prime number?
False
Is 22322320967 composite?
False
Is 1847784709 prime?
False
Is 1154428269 a prime number?
False
Is 2589005099 prime?
True
Is 153793457 prime?
True
Is 16489641151 a prime number?
True
Is 46319370593 a prime number?
False
Is 415288469 composite?
True
Is 321195727 a prime number?
True
Is 5079968767 prime?
False
Is 2412298547 a prime number?
False
Is 590958989 a composite number?
False
Is 236960639 a composite number?
True
Is 7949021777 a composite number?
False
Is 19115548279 prime?
True
Is 291981959 a composite number?
False
Is 144522296207 prime?
True
Is 47273106119 a composite number?
False
Is 7454450293 prime?
False
Is 32159698435 prime?
False
Is 66619965121 prime?
True
Is 57599335799 a prime number?
False
Is 827390849 a prime number?
True
Is 17891958203 prime?
False
Is 3404123623 composite?
True
Is 42393208961 composite?
False
Is 1577863351 prime?
True
Is 15602391811 a prime number?
False
Is 7692747479 a composite number?
True
Is 981519589 composite?
False
Is 219158427329 a composite number?
True
Is 27966692429 composite?
True
Is 6484100837 a prime number?
True
Is 3901384301 a composite number?
False
Is 34156423 prime?
False
Is 2137541843 a prime number?
True
Is 859132529 prime?
False
Is 888874165 a composite number?
True
Is 11876684663 prime?
True
Is 4979443767 a prime number?
False
Is 442894827 prime?
False
Is 1887349591 a prime number?
False
Is 4198732987 prime?
True
Is 1184096395 a prime number?
False
Is 442395929 a composite number?
True
Is 13497662729 a prime number?
False
Is 3859337411 composite?
True
Is 1029764999 prime?
True
Is 29421816979 composite?
False
Is 22263881 prime?
True
Is 63894220921 a composite number?
True
Is 3160348717 a composite number?
True
Is 242399951 a composite number?
True
Is 714230401 composite?
True
Is 8425105739 composite?
True
Is 20629781171 a prime number?
True
Is 1775241043 composite?
False
Is 2636561971 a prime number?
False
Is 6336371539 prime?
True
Is 1476221869 a prime number?
True
Is 3430469011 composite?
True
Is 25079691607 a prime number?
True
Is 47301998159 a prime number?
False
Is 47997637307 a prime number?
True
Is 248779879 composite?
False
Is 34883942437 a prime number?
True
Is 1424390957 composite?
True
Is 4225563569 a composite number?
True
Is 6407631181 prime?
False
Is 42497708207 prime?
False
Is 27056311097 a prime number?
False
Is 66696326507 a prime number?
True
Is 35888619349 a composite number?
True
Is 2698523807 prime?
False
Is 1990829777 a prime number?
False
Is 1818216779 a prime number?
False
Is 3442163 a prime number?
True
Is 2728869067 a composite number?
False
Is 262619521 composite?
False
Is 888481303 composite?
True
Is 84277190009 a composite number?
False
Is 728147611 composite?
False
Is 41907147521 a prime number?
False
Is 21376533743 a composite number?
False
Is 2528716259 a composite number?
True
Is 49784281633 a prime number?
True
Is 705563899 a prime number?
True
Is 529945187 a composite number?
False
Is 5373070309 composite?
False
Is 582958447 composite?
False
Is 7900879627 composite?
False
Is 7046174077 a prime number?
False
Is 7887667015 prime?
False
Is 114528015977 composite?
False
Is 2780179747 a composite number?
True
Is 1500361321 a prime number?
True
Is 412237051 a prime number?
True
Is 143768201609 prime?
True
Is 941271611 composite?
True
Is 227060027 a prime number?
False
Is 16427522269 composite?
False
Is 27475582549 composite?
True
Is 463571413 a prime number?
True
Is 1749469987 composite?
False
Is 8257981 prime?
False
Is 5920119013 a composite number?
True
Is 402749161 a prime number?
False
Is 86854024093 a prime number?
True
Is 2579137241 composite?
False
Is 1701160189 a prime number?
True
Is 8797221463 a prime number?
True
Is 25450466329 a composite number?
False
Is 16299302983 composite?
True
Is 1450065961 composite?
True
Is 126737621 a prime number?
True
Is 131385127 a composite number?
False
Is 741991837 a prime number?
True
Is 1260480719 prime?
True
Is 1154712661 prime?
True
Is 1455016359 composite?
True
Is 41888393 composite?
False
Is 999012919 composite?
False
Is 293631827 prime?
False
Is 3869363335 a prime number?
False
Is 6003087719 a prime number?
False
Is 1645618057 prime?
False
Is 823125701 prime?
False
Is 634226153 a composite number?
True
Is 18648622051 composite?
False
Is 4782972079 composite?
True
Is 6054421001 composite?
True
Is 8854103311 prime?
False
Is 446101091 prime?
False
Is 5744161538 prime?
False
Is 1542918869 prime?
True
Is 1373274127 a prime number?
False
Is 33831210989 prime?
False
Is 14239170871 a composite number?
True
Is 9379271987 a prime number?
True
Is 1458357011 prime?
True
Is 5040394959 prime?
False
Is 66037079473 a prime number?
False
Is 11939995919 prime?
True
Is 407536039 prime?
True
Is 5870599981 composite?
False
Is 6830069 a prime number?
False
Is 2915003491 prime?
False
Is 133945333 composite?
False
Is 8500986643 a prime number?
True
Is 8913104561 a prime number?
False
Is 292291213 composite?
True
Is 192257339 composite?
False
Is 2591714051 prime?
True
Is 2257180459 prime?
True
Is 116733209 composite?
False
Is 66430867847 prime?
False
Is 1335828479 prime?
False
Is 176097829597 composite?
False
Is 68419801 prime?
False
Is 3353065883 prime?
False
Is 20128252013 composite?
True
Is 153016993127 a composite number?
True
Is 14898498319 composite?
True
Is 22393442013 composite?
True
Is 4351598311 prime?
True
Is 9751793003 a prime number?
True
Is 4814795 prime?
False
Is 18135651347 a prime number?
False
Is 84818584507 a composite number?
False
Is 3083420489 composite?
False
Is 776077487 composite?
False
Is 2099759147 prime?
False
Is 200336951 a composite number?
False
Is 1921431311 prime?
False
Is 577036709 a composite number?